 1646 - 399 = 0. Is t prime?
True
Let f(a) = a**3 - 6*a**2 + 9*a. Let p be f(4). Is ((-12)/(-18))/(p/474) composite?
False
Let c = 427 + -176. Let y = 442 - c. Is y a prime number?
True
Suppose -4*b = 2*b - 1476. Let j = b - 83. Is j composite?
False
Let w(i) = -212*i + 23. Is w(-4) a prime number?
False
Let c(v) be the first derivative of -v**4/3 - 19*v**3/6 + v**2/2 + 2. Let b(t) be the second derivative of c(t). Is b(-9) a composite number?
False
Suppose 2*y = 32 - 20. Suppose 3 = -u + y. Suppose 3*q = -15, -308 = -u*z + 5*q + 188. Is z composite?
False
Suppose -4*c - 44 = -2*x, -c - 3*c - 4*x = 20. Let j be -4 + -5*(c + 4). Suppose 110 + j = l. Is l prime?
True
Suppose 0*x = -4*x - 4*f - 20, -10 = -5*x + 2*f. Let z(k) = -2*k + 623. Is z(x) composite?
True
Let b = -35 - -31. Let p(c) = 8*c**2 + 5*c + 5. Let a(n) = 15*n**2 + 9*n + 10. Let i(m) = 3*a(m) - 5*p(m). Is i(b) prime?
False
Let v be (-148)/28 + 5 + (-2928)/(-7). Let l = -255 + v. Is l a composite number?
False
Let m(b) = -15103*b + 24. Is m(-1) prime?
False
Let p be -58008*-1*(18/(-4))/(-9). Is p/30 + 1/5 a prime number?
True
Let f be (1 - -3)/(-2)*1. Let w(x) = -x**3 - 3*x**2 - 2*x + 2. Let p be w(f). Is p/(-1 - -3) + 8 a prime number?
False
Suppose -i - 342 = 2*i. Let j be i/10 - 8/(-20). Is (-1069)/(-11) + 2/j composite?
False
Let b(s) = -s**3 - 1. Let c(t) = 53*t**3 - 9*t**2 + 18*t + 3. Let a(p) = 4*b(p) + c(p). Is a(4) prime?
False
Let l(r) = 10*r**2 - 4*r - 5. Let o be 4 - 3 - 48/4. Is l(o) a composite number?
False
Let a(k) = 2*k**2 + 2*k + 7. Let g = -8 + 6. Let v be (1/g)/(2/40). Is a(v) prime?
False
Is (3 + -3099 + 1)*-1 composite?
True
Let f(n) = 8*n**3 + 2*n**2 + n + 6. Let a(y) = y**3 + y**2 - y - 1. Let r(v) = 4*a(v) - f(v). Is r(-5) a composite number?
True
Let b(x) = 761*x - 277. Is b(4) prime?
True
Let o be (1329 + 2)*(-1)/(-1). Suppose -5*u + o = 6*u. Is u composite?
True
Let h(t) = -2*t**2 + 14*t - 2. Let y be h(7). Let l be 2/(y - 1410/(-704)). Let w = l - 351. Is w a prime number?
True
Let m be (2 + 6/(-9))/(3/1521). Let i = m + -402. Is i prime?
False
Suppose 16983 = 20*h + 7*h. Is h composite?
True
Suppose -3*j - j + 8 = 0. Let o be 53 - (-5 + 1 + j). Suppose -g = 5*k - 21, 28 + o = 3*g + 5*k. Is g a prime number?
True
Suppose 46 = -v + f, 2*f - 71 + 24 = v. Let t = v + -294. Is (t/(-9))/(2/42) a composite number?
True
Suppose 0 = -12*d + 118 + 134. Let z(s) = 2*s**2 - 24*s - 49. Is z(d) a composite number?
True
Suppose -3*s + 3*r = -30, -5*r = 31 - 6. Suppose -1559 = -2*v + 5*f, -6*v + 2376 = -3*v + s*f. Is v a prime number?
True
Let m(y) = 16*y**2 + 2*y - 93. Is m(-22) prime?
True
Suppose -14 = 22*m - 29*m. Suppose -3*l - 1340 = -m*r + 1946, 4*r - l = 6552. Is r prime?
True
Suppose 2*c = -4*s + 86230, -15*s + 14*s + 21561 = 4*c. Is s a prime number?
True
Suppose -4*r - 4*c = 6*r - 147838, -2*r = -5*c - 29585. Is r prime?
False
Let j(d) = -2*d - 37. Let i be j(-18). Is i/((-3)/3*2/3118) prime?
True
Let f = -41609 - -106054. Is f a composite number?
True
Suppose 265 = -6*b + b. Let x = 120 + b. Is x prime?
True
Is 1640844/28 - 8/14 a prime number?
True
Suppose 5*m = -0 + 15. Let z = 4 + -1. Suppose -2*h = -5*h - m*s + 129, -z*s - 9 = 0. Is h prime?
False
Let p be (0 + -835)*(-12)/10. Suppose -5*j - 352 = -v, 3*v - j + 4*j = p. Is v a composite number?
False
Suppose 75069 = 5*a + 12*q - 10*q, -30020 = -2*a + 3*q. Is a a composite number?
False
Let w(i) = i + 15. Let f be w(-11). Suppose 4*g - 4 - 23 = 3*j, -3*g + f*j = -22. Suppose 2*k - g*k = -1108. Is k a prime number?
True
Suppose h + m = 4*h - 6, -3*h + 6 = -5*m. Let p be (-200)/(-90) + h/(-9). Suppose -4*g = 4*a - 1004, 2*g + p*a + 763 = 5*g. Is g prime?
False
Let n(v) = -2*v**3 - 13*v**2 + 10*v - 9. Suppose -2*a - 4*r = -3*r + 23, 3*a + 4*r + 42 = 0. Is n(a) composite?
True
Let i(p) = 11*p - 770. Let s(g) = 4*g - 260. Let l(d) = -1. Let h(y) = -3*l(y) + s(y). Let x(m) = 17*h(m) - 6*i(m). Is x(0) composite?
False
Suppose 0 = -19*l - 2*l + 3486. Is l prime?
False
Let f be 0/2 - (-12 + 4). Is 2 + f/(-2) - -799 composite?
False
Let p = -1879 - -3894. Suppose 11*c - p = 1043. Is c composite?
True
Let n be ((-32)/(-12))/((-2)/(-3)). Suppose 0 = -n*r + 2*y + 4456, 4*r - y + 3*y - 4464 = 0. Is r prime?
False
Suppose 3*h + 863 + 889 = 0. Let y = h - -1053. Is y a composite number?
True
Let z(c) = -5*c**3 + 10*c**2 - 7*c + 17. Let u be z(8). Let f = u - -3946. Is f composite?
False
Is 30373 + 3/(-2)*(10 + -6) a prime number?
True
Let k be 24/7 - 15/35. Let d be (k + -2)*-3*73. Is -1 - (3 + -8) - d a prime number?
True
Let s(k) = 13*k**2 + 6*k - 17*k + k. Is s(-7) a prime number?
False
Let y(h) = 318*h**2 - 1. Let r(w) = -w**2 + 3*w - 1. Let i be r(4). Let c = -6 - i. Is y(c) a composite number?
False
Suppose f = a - 4*a + 13, -19 = -4*f - a. Let g be (0 + 1)*(-15 + 18). Suppose 0 = -g*u - f*m + 41, 0 = u + u + m - 34. Is u prime?
True
Let l = 55489 - 19506. Is l a composite number?
False
Let c = -1336 + 1922. Is (15/(-10))/((-3)/c) prime?
True
Suppose 108 = -2*d - 3*d + 3*f, -3*d + 2*f - 65 = 0. Let r be 18/(-5)*(-20)/(-6). Let l = r - d. Is l a composite number?
True
Let w = 42 - 26. Suppose -3*i + 2*j + w = 0, i = -0*i - j + 2. Suppose 5*v + 10 + 10 = 0, -5*c = i*v - 619. Is c a composite number?
False
Suppose -2*u = -3*o + 2294, -371 = -o - 2*u + 399. Suppose -4*b + o = 2*p, 0*p - 3*b + 1146 = 3*p. Is p a prime number?
False
Let h(m) = 264*m**2 - 44*m + 377. Is h(8) a composite number?
False
Let f(v) = -38*v - 3. Let h be f(-3). Let q(u) = -u**2 + 7*u + 34. Let w be q(10). Suppose -w*s = -s - h. Is s a composite number?
False
Let a be 5/(-25) - (-32)/10. Let q be (a/(-6))/((-3)/(-4278)). Let z = -270 - q. Is z a composite number?
False
Let t(b) = -17*b - 65. Let y be t(-9). Let q = y - -69. Is q prime?
True
Let j = -3540 - -1078. Let i = 219 - j. Is i a composite number?
True
Suppose 2*c - 2*c = -12*c. Suppose 4*q + c*q - 88 = 0. Is q prime?
False
Let q be (-18)/45 - (44/(-10) - 1). Suppose 0 = -7*g + q*g + 642. Is g a composite number?
True
Let s(w) = w**3 - 10*w**2 + 7. Let n be s(10). Let r = n - 6. Is (-37 - -6)/((-1)/r) a composite number?
False
Let p(t) = 39*t**3 - 5*t**2 + 14*t + 5. Let b = 39 - 36. Is p(b) a composite number?
True
Suppose 2*y + 5*o = 2638, 5*y = -o + 6816 - 221. Is y a prime number?
True
Let b = -27 - -27. Suppose b*h = h + 4*a - 295, 0 = -5*h - 4*a + 1475. Is h prime?
False
Let k = -88 + 79. Is 891 + 12/k*3 a prime number?
True
Let a(h) be the third derivative of -h**6/120 - h**5/10 - 11*h**4/24 - 11*h**3/6 - 19*h**2. Is a(-6) a prime number?
False
Let c(k) = -k**2 - k + 473. Let s = -26 - -13. Let y = 13 + s. Is c(y) a composite number?
True
Let p(g) = 655*g**3 - 2*g - 1. Let l be p(-1). Is 6/9*l/(-4) composite?
False
Suppose 2*r + 1 = 7. Suppose -4*t - 5*c = -r - 3, 0 = 5*t - 5*c - 30. Suppose 4*p - 77 = -t*h + 503, 5*p = h - 169. Is h prime?
True
Suppose -153 = -4*m - 3*c - 29, 2*m = -c + 64. Suppose m - 384 = -5*a. Let v = -45 + a. Is v a composite number?
True
Suppose -t = -400 - 24. Suppose -t + 68 = -4*b. Is b prime?
True
Let r be 4 - -1*724/4. Suppose 0 = 10*g - 5*g - r. Is g a composite number?
False
Let z(n) = 10*n - 1. Let q be z(1). Let u be (-84)/q - (-2)/6. Is u/45 + 816/5 a prime number?
True
Let u(x) = -7*x + 13. Let l be u(-6). Is 69256/l + (-2)/10 a prime number?
True
Let x be (-2)/5 + (-5746)/(-65). Suppose -166 - x = -2*v. Is v prime?
True
Let x = 194175 - 136561. Is x prime?
False
Suppose 2*x = -0*x + 8654. Is x prime?
True
Let f(s) = 18*s**2 + s + 1. Let b(u) = -3*u**2 + 9*u - 5. Let z(v) = -v**2 + 2*v - 1. Let i(w) = -2*b(w) + 9*z(w). Let y be i(1). Is f(y) a composite number?
False
Let l = 153149 - 89970. Is l a composite number?
False
Let w(a) = 27*a**2 - 3*a + 1. Let b be w(-3). Let o = 504 - b. Is o composite?
False
Suppose -8*x + 148591 - 34647 = 0. Is x a composite number?
False
Is (4 + (-45)/10)*-20122 a prime number?
True
Suppose 14*y - 15*y + 623 = 0. Suppose -5*c - 5*x + y = -c, -476 = -3*c + 5*x. Is c prime?
True
Suppose 4*n + 8 = 2*v - 6, 2*v = -3*n - 14. Let x(y) = -y**2 - 446*y**3 + 7*y - 5*y + 3*y - 7*y - 1. Is x(v) a composite number?
True
Suppose 4*y + 10 = -y. Let s(c) = -2 - 83*c + 3 - 3 + 3. Is s(y) a prime number?
True
Suppose 7*d = 5*d +